{"id":10020,"date":"2018-04-20T20:48:19","date_gmt":"2018-04-20T19:48:19","guid":{"rendered":"http:\/\/www.krumlovskagarda.cz\/?page_id=10020"},"modified":"2018-04-20T20:52:35","modified_gmt":"2018-04-20T19:52:35","slug":"martin-neudorfl","status":"publish","type":"page","link":"https:\/\/www.krumlovskagarda.cz\/en\/martin-neudorfl\/","title":{"rendered":"Martin Neud\u00f6rfl"},"content":{"rendered":"<div id=\"attachment_2126\" style=\"width: 226px\" class=\"wp-caption alignright\"><a href=\"https:\/\/www.krumlovskagarda.cz\/wp-content\/uploads\/2015\/07\/Martin-Neud\u00f6rfl.jpg\"><img aria-describedby=\"caption-attachment-2126\" decoding=\"async\" loading=\"lazy\" class=\"size-medium wp-image-2126\" src=\"https:\/\/www.krumlovskagarda.cz\/wp-content\/uploads\/2015\/07\/Martin-Neud\u00f6rfl-216x300.jpg\" alt=\"Ghtm. Martin Neud\u00f6rfl\" width=\"216\" height=\"300\" srcset=\"https:\/\/www.krumlovskagarda.cz\/wp-content\/uploads\/2015\/07\/Martin-Neud\u00f6rfl-216x300.jpg 216w, https:\/\/www.krumlovskagarda.cz\/wp-content\/uploads\/2015\/07\/Martin-Neud\u00f6rfl.jpg 461w\" sizes=\"(max-width: 216px) 100vw, 216px\" \/><\/a><p id=\"caption-attachment-2126\" class=\"wp-caption-text\">Ghtm. Martin Neud\u00f6rfl<\/p><\/div>\n<p style=\"text-align: justify;\"><strong>Mgr. Martin Neud\u00f6rfl, Ghtm.<\/strong> (born in 1991) is the 17th and the current captain of the Ducal Grenadier Life Guard in \u010cesk\u00fd Krumlov, known as the Guard of the Prince of Schwarzenberg.<\/p>\n<p style=\"padding-left: 30px; text-align: left;\"><em>Charge : Ghtm.\u00a0\u00a0\u00a0\u00a0\u00a0\u00a0\u00a0\u00a0\u00a0\u00a0\u00a0\u00a0\u00a0\u00a0\u00a0\u00a0\u00a0\u00a0\u00a0<\/em> <em>Conscript. : 2015<\/em><\/p>\n<p style=\"text-align: justify;\">Martin Neud\u00f6rfl was born in \u010cesk\u00fd Krumlov, where he graduated from the \u010cesk\u00fd Krumlov Gymnasium (local high school) in 2010. Having studied as well in the United Kingdom, France and Japan, he is currently a PhD student at Charles University in Prag, the Czech Republic. His field of specialization are linguistics (Romance and Norman languages) and history (history of the city of \u010cesk\u00fd Krumlov and the Bohemian Forest region).<\/p>\n<p style=\"text-align: justify;\">Elected as the youngest commanding captain in the history of the Ducal Grenadier Life Guard in \u010cesk\u00fd Krumlov in 2015, he is in command of the grenadiers of His Highness Prince Charles John of Schwarzenberg and in charge of the Grenadier Guad Restoration Program and most of the related projects. Since 2016 he has served as the chief researcher of the Guard Archives as well.<\/p>\n","protected":false},"excerpt":{"rendered":"<p>Mgr. Martin Neud\u00f6rfl, Ghtm. (born in 1991) is the 17th and the current captain of the Ducal Grenadier Life Guard in \u010cesk\u00fd Krumlov, known as the Guard of the Prince of Schwarzenberg. Charge : Ghtm.\u00a0\u00a0\u00a0\u00a0\u00a0\u00a0\u00a0\u00a0\u00a0\u00a0\u00a0\u00a0\u00a0\u00a0\u00a0\u00a0\u00a0\u00a0\u00a0 Conscript. : 2015 Martin Neud\u00f6rfl was born in \u010cesk\u00fd Krumlov, where he graduated from the \u010cesk\u00fd Krumlov Gymnasium (local high [&hellip;]<\/p>\n","protected":false},"author":6,"featured_media":0,"parent":0,"menu_order":0,"comment_status":"closed","ping_status":"open","template":"","meta":[],"_links":{"self":[{"href":"https:\/\/www.krumlovskagarda.cz\/en\/wp-json\/wp\/v2\/pages\/10020"}],"collection":[{"href":"https:\/\/www.krumlovskagarda.cz\/en\/wp-json\/wp\/v2\/pages"}],"about":[{"href":"https:\/\/www.krumlovskagarda.cz\/en\/wp-json\/wp\/v2\/types\/page"}],"author":[{"embeddable":true,"href":"https:\/\/www.krumlovskagarda.cz\/en\/wp-json\/wp\/v2\/users\/6"}],"replies":[{"embeddable":true,"href":"https:\/\/www.krumlovskagarda.cz\/en\/wp-json\/wp\/v2\/comments?post=10020"}],"version-history":[{"count":13,"href":"https:\/\/www.krumlovskagarda.cz\/en\/wp-json\/wp\/v2\/pages\/10020\/revisions"}],"predecessor-version":[{"id":10033,"href":"https:\/\/www.krumlovskagarda.cz\/en\/wp-json\/wp\/v2\/pages\/10020\/revisions\/10033"}],"wp:attachment":[{"href":"https:\/\/www.krumlovskagarda.cz\/en\/wp-json\/wp\/v2\/media?parent=10020"}],"curies":[{"name":"wp","href":"https:\/\/api.w.org\/{rel}","templated":true}]}}

Martin Neudörfl

<div id="attachment_2126" style="width: 226px" class="wp-caption alignright"><a href="https://www.krumlovskagarda.cz/wp-content/uploads/2015/07/Martin-Neudörfl.jpg"><img aria-describedby="caption-attachment-2126" decoding="async" loading="lazy" class="size-medium wp-image-2126" src="https://www.krumlovskagarda.cz/wp-content/uploads/2015/07/Martin-Neudörfl-216x300.jpg" alt="Ghtm. Martin Neudörfl" width="216" height="300" srcset="https://www.krumlovskagarda.cz/wp-content/uploads/2015/07/Martin-Neudörfl-216x300.jpg 216w, https://www.krumlovskagarda.cz/wp-content/uploads/2015/07/Martin-Neudörfl.jpg 461w" sizes="(max-width: 216px) 100vw, 216px" /></a><p id="caption-attachment-2126" class="wp-caption-text">Ghtm. Martin Neudörfl</p></div>
<p style="text-align: justify;"><strong>Mgr. Martin Neudörfl, Ghtm.</strong> (born in 1991) is the 17th and the current captain of the Ducal Grenadier Life Guard in Český Krumlov, known as the Guard of the Prince of Schwarzenberg.</p>
<p style="padding-left: 30px; text-align: left;"><em>Charge : Ghtm.                   </em> <em>Conscript. : 2015</em></p>
<p style="text-align: justify;">Martin Neudörfl was born in Český Krumlov, where he graduated from the Český Krumlov Gymnasium (local high school) in 2010. Having studied as well in the United Kingdom, France and Japan, he is currently a PhD student at Charles University in Prag, the Czech Republic. His field of specialization are linguistics (Romance and Norman languages) and history (history of the city of Český Krumlov and the Bohemian Forest region).</p>
<p style="text-align: justify;">Elected as the youngest commanding captain in the history of the Ducal Grenadier Life Guard in Český Krumlov in 2015, he is in command of the grenadiers of His Highness Prince Charles John of Schwarzenberg and in charge of the Grenadier Guad Restoration Program and most of the related projects. Since 2016 he has served as the chief researcher of the Guard Archives as well.</p>

<p>Mgr. Martin Neudörfl, Ghtm. (born in 1991) is the 17th and the current captain of the Ducal Grenadier Life Guard in Český Krumlov, known as the Guard of the Prince of Schwarzenberg. Charge : Ghtm.                    Conscript. : 2015 Martin Neudörfl was born in Český Krumlov, where he graduated from the Český Krumlov Gymnasium (local high [&hellip;]</p>
